 What is the units digit of o?
1
Suppose -4*l + x + 2333 = -0*l, 3*l - 2*x = 1756. What is the hundreds digit of l?
5
Suppose -15 - 29 = -4*p. Let y = -12 + p. What is the units digit of (y - -3)/((-2)/(-7))?
7
Let a be (1 - 1/3)*6576/32. Let x = a + -73. What is the units digit of x?
4
Let m(y) = y**3 + 7*y**2 - 11*y - 12. Let s be m(-8). Let v be 2/8 - 135/s. Let b(t) = t**3 + 12*t**2 + 10*t + 2. What is the tens digit of b(v)?
1
Let a be (0/1 - 1)*-13. Let r be (-11)/99 - 8*(-16)/18. Let z = a - r. What is the units digit of z?
6
Let s(d) = -d**2 + 4*d + 6. Let c(v) = -v - 1. Let k(q) = 3*c(q) + s(q). Let h be k(0). Suppose 41 = 4*w - h*w. What is the units digit of w?
1
Suppose -4*b - 1130 = -3*p - 0*b, 0 = -5*p + 3*b + 1876. What is the units digit of p?
4
Let w(b) = b**2 - 3*b - 2. Let k be (-2)/(-10) + 374/55. Suppose -k*p + 31 = -18. What is the tens digit of w(p)?
2
Suppose -5*z + 9238 = 4*h, -21*z = 4*h - 19*z - 9244. What is the units digit of h?
2
Suppose 3*b = -5*f + 315, -f = 4*b + 155 - 575. Suppose 5*t - p - 105 = 0, 5*t - 2*p - b = 2*p. What is the tens digit of t?
2
Let w be 20080/12*(-2 - (-16)/5). Suppose -8*b = -0*b - w. What is the hundreds digit of b?
2
Let h = 23 + -22. What is the units digit of -4 + h + 1 + 3?
1
Suppose 3*b + 37 = -4*x, 5*x + 3*b - 21 = -68. Let p = 6 + -4. What is the units digit of ((-5)/x)/(p/44)?
1
Let w(j) = -58*j - 285. What is the tens digit of w(-23)?
4
Let c(g) = 2*g**2 + 25*g + 11. Let x be c(11). Suppose 90*i - 94*i = -x. What is the hundreds digit of i?
1
Suppose -4*t = -11 + 3. Let y(a) = 3*a**2 + 3*a - 4. What is the units digit of y(t)?
4
Let x be (0 + 4)/(8/6). Suppose g - 52 = -x*g. Suppose -28 = -s + c, -2*s + 3*s - g = -2*c. What is the tens digit of s?
2
Let z = -136 - -140. Let t(s) = 3*s**3 + 7*s**2 - 8*s + 8. What is the hundreds digit of t(z)?
2
Let q(o) = o**3 - 2*o + 9. Let g be q(0). Suppose 145 = -4*h + g*h. What is the tens digit of h?
2
Let d(z) = -z**2 + 22*z + 160. What is the tens digit of d(25)?
8
Suppose 0 = -2*m - 0*m. Suppose -3*i + 70 + 65 = m. What is the tens digit of ((-56)/10)/((-18)/i)?
1
Suppose 0 = 7*c - 2*c + 435. Let y = 128 + c. What is the units digit of y?
1
Suppose -5*l - 490 = -3*z, 0 = -5*z - 4*l + 2*l + 765. What is the tens digit of 12648/z - (0 + 4/(-10))?
8
Let y be (50/6)/((-2)/468). What is the units digit of 6/(-14) + y/(-91)?
1
Let w = 2746 + -1636. What is the hundreds digit of w?
1
Suppose 2*i - 30 = -12. Let t = i + 5. Suppose 0 = 17*n - t*n - 39. What is the units digit of n?
3
Let g be (-4 + -2)/((-4)/(-6)). Let l be ((-2)/8)/(g/108). Suppose -120 - l = -3*h. What is the tens digit of h?
4
Let l(f) = -27*f - 8. Let x be l(-6). Let m = x + -92. What is the tens digit of m?
6
Let x = 235 + 238. What is the tens digit of x?
7
Suppose -5*z - 2*a + 3 = 0, z - 2*a = 5 - 2. Suppose d - 4 = -z. Suppose -l = d*l - 28. What is the units digit of l?
7
What is the thousands digit of (-1)/((-18)/(-81) + (-19443)/87372)?
3
Suppose 0 = -3*n - 3, 0*n = -5*w - 4*n + 1456. Suppose -146 = -2*g - 3*q, -3*q + q = 4*g - w. What is the units digit of g?
3
Let p = -116 + 353. What is the units digit of p?
7
Let h(f) = 113*f - 7. Let z be h(-2). Let p = 389 + z. What is the tens digit of p?
5
Suppose -46 = -2*h - 8. Let w = 1 - 1. Suppose w*s - h = -s. What is the tens digit of s?
1
Suppose -8 = -3*s + 1. Let a be 4 - s - (3 + -2). Suppose 5*d = -2*l + 7, -l + a*d = 2*d - 3. What is the units digit of l?
1
Let p(y) = 5*y - 3 + y**3 - 5*y**2 + 3. Let c = -21 - -25. What is the units digit of p(c)?
4
Suppose x = 4 - 0. Let f be x/(-22) + 12365/(-55). What is the units digit of f/(-4) - (-3)/(-12)?
6
Let w(v) be the second derivative of v**4/12 + v**3/6 + v**2 + 4*v. Let s be w(0). Suppose t - 9 = -s*g + 21, 0 = 4*g - t - 54. What is the units digit of g?
4
Let v = 25 + -23. What is the units digit of v/(-1 - 1) - -31?
0
Suppose -2*x = 3*n - 47, 5*x + 5*n - n = 128. Suppose -r - 3*r + x = 4*d, -2*r + 9 = d. Suppose 0 = r*k - k - 48. What is the tens digit of k?
4
Suppose 0*l = -3*l + 6. What is the tens digit of l/(-1*(-4)/106)?
5
What is the units digit of -22*((-801)/18 + -7)?
3
Suppose -9*k + 12 = -6*k. Let i(h) = -k*h**2 + 9*h + 46*h**3 - 8*h + 4*h**2. What is the tens digit of i(1)?
4
Let p(i) = -i**3 - 5*i**2 - 2*i - 6. Let o be p(-5). Suppose -5*z - 52 = o*v, 8*z - 12 = 4*v + 3*z. What is the tens digit of v*(-28)/8 + -4?
2
Let s(a) = -6*a - 6. Let u = -22 - -10. What is the units digit of s(u)?
6
Suppose -16*h + 19*h + 69 = 0. Let z = -24 - h. What is the units digit of ((-1)/3)/(z/12)?
4
Let o be ((-56)/7)/(4/(-146)). Let j = o + -166. What is the tens digit of j?
2
Let a = -1423 - -2160. What is the units digit of a?
7
Let t be (1*-2)/(28/(-42)). Suppose -4*n = t*c - 0 - 213, -4*n = c - 215. What is the tens digit of n?
5
Let w = -157 + 232. Let q = -19 + w. What is the units digit of q?
6
Let a be ((-520)/30)/(1/3). Let k = a - -132. What is the units digit of k?
0
Suppose -41 - 91 = 6*q. Let d = 36 + q. What is the units digit of d?
4
Suppose 4*c + 5*n = 2*c + 1459, 0 = -2*c + 3*n + 1435. What is the hundreds digit of c?
7
Let n be (3 + 14/(-4))*-8. Suppose -f + 40 = 2*k, -2*f + 52 = n*k - 7*f. What is the tens digit of k?
1
What is the hundreds digit of 201197/258 - (-2 + 22/12)?
7
Let d = 84 + -87. What is the units digit of (d/2)/(((-108)/(-64))/(-9))?
8
Suppose -4*u - 4 = 0, -4*a + 3*u = 1553 - 13356. What is the hundreds digit of a?
9
Let h(f) = -14 - 14*f - 6*f + 11*f. What is the tens digit of h(-3)?
1
Let b be 0*(4/(-1))/4. Suppose -4*t - 46 - 66 = b. What is the units digit of (-2)/7 - 1296/t?
6
Let y = -109 + 35. Let s = y + 53. Let m = s - -29. What is the units digit of m?
8
Let d be ((-1)/(-3))/(5/45). Let s be 12 - (-1 + 1) - 6/(-2). Suppose s = 4*p + d. What is the units digit of p?
3
Let b(a) = -33*a + 1. Suppose 0 = -p + 4*p + 12. Let o be b(p). Suppose 3*x = 4*v - o, 2*x - x = 1. What is the units digit of v?
4
Let g(a) = a**3 - a**2 + 6. Let y be g(0). Let j(r) = 2*r**2 - 6*r + 8. Let u be j(y). Let z = 0 + u. What is the tens digit of z?
4
Let a = 35 - 115. Let f = a + 146. What is the units digit of f?
6
Suppose r - 4*r + 3*o = -5043, 2*r - 3370 = -2*o. What is the thousands digit of r?
1
Suppose d - 7 = -4. Let f(p) = -3*p**3 + 2*p**d + 12 - 4 + 11*p**2 + 0*p**3. What is the units digit of f(11)?
8
Suppose s = -s - 2*o + 1174, 3*o + 3 = 0. What is the tens digit of s?
8
Suppose f - 2*f = 3*l + 59, 4*f - 4*l = -252. Let g be 10/55 + f/(-22). Suppose g*h - 4*d - 11 = 0, h - 5*h = -d - 6. What is the units digit of h?
1
Let r(w) = 11*w**3 - 10*w**2 - 4*w + 14. What is the units digit of r(5)?
9
Let c be (-1)/((4/8)/1). Let t be 175 - -13 - 4/c. Suppose -8*g = -3*g - t. What is the tens digit of g?
3
Let m(x) be the third derivative of 0 - 3*x**2 + 1/120*x**6 + 0*x - 8/3*x**3 - 1/12*x**5 - 1/3*x**4. What is the tens digit of m(7)?
2
Suppose 0 = -3*q - 2*p, -4*q + p + 4*p + 23 = 0. What is the hundreds digit of ((-8)/10 - -2)/(q/180)?
1
What is the units digit of (-1*(-96)/(-20))/(14/(-1155))?
6
Suppose 0 = 5*q - 5, -2977 = -5*x - 2*q - 190. What is the tens digit of x?
5
Let a(u) = u**3 - 6*u**2 + u - 6. Let x be a(6). Let i be 14*(-8)/84*-3. Suppose i*z - 2*z - 3*m - 51 = x, z = -5*m + 6. What is the tens digit of z?
2
Suppose 0 = -2*r + 2*f - 6, 2*r + 5*f - 3 + 2 = 0. What is the units digit of (-8 + r)*5/20*-10?
5
Suppose 3*k - 33 + 0 = 0. Suppose 473 = -0*b + k*b. What is the tens digit of b?
4
Suppose 3*m - 30 = 18. Suppose 0 = -y + 8*y - 14. Suppose -m = y*g - 6*g. What is the units digit of g?
4
Let p = -566 + 1051. What is the units digit of p?
5
Suppose -j - 175 = -26*j. Let a(l) = -3*l**2 - 4*l - 3*l**2 + l**3 + 0 - 3. What is the tens digit of a(j)?
1
Let a = 2 - -3. What is the tens digit of (-1 + -4)/(a/(-35))?
3
Suppose h + 263 = 937. What is the hundreds digit of h?
6
Let k(i) = -i - 13. Let x be k(8). Let l be 12/21 + (-1416)/x. Let u = l + -40. What is the tens digit of u?
2
Let f be (10/(-4))/(18/(-4) + 4). Suppose l - f*l = -172. What is the units digit of l?
3
Let q = 2 - 2. Suppose -3*v = -c - 2, q*c - 3*c - 5*v - 76 = 0. Let r = -6 - c. What is the tens digit of r?
1
Suppose 2417 = 2*h - 3*i, 0*h + i + 2423 